*2. Let f(k) be the first derivative of z(k). What are the prime factors of f(19)?
2, 13
Let c = 355 - 374. Let q(d) = d**3 + 22*d**2 + 37*d + 16. List the prime factors of q(c).
2, 3, 11
List the prime factors of (-230169)/(-5) - (-19 + 3948/210).
2, 23017
Let k be 2*(49791/70 + 1/5). Let y = -828 + k. What are the prime factors of y?
5, 7, 17
Let i = 28429 - 19698. What are the prime factors of i?
8731
Let w = 996 + -992. Suppose 5*u = w*p - 3095, 2328 = 8*p - 5*p + 3*u. List the prime factors of p.
5, 31
Let s(o) = -o**3 + 20*o**2 + 25*o - 53. Let k be s(19). Suppose 43*j = 44*j - k. What are the prime factors of j?
3, 29
Let w be (2 + -17)/5 + 23. Suppose -18*x + w*x = 18. Suppose -s + o + x = -5, -4*o = 5*s - 97. List the prime factors of s.
17
Let r be 8/(((-4)/6)/(119/(-21))). Let v = -66 + r. What are the prime factors of 3 + 450/4 - (-1)/v?
2, 29
Let a = 37 + -10. Let y be ((-9)/a)/((-1)/9). Suppose -u + y*q + 36 - 5 = 0, 0 = -2*u - 5*q + 7. List the prime factors of u.
2
Let o(i) = 2*i**3 - 10*i**2 + 19*i - 218. What are the prime factors of o(9)?
601
Suppose 2*d = -38 + 52. Suppose -d*s = -4*s - 192. List the prime factors of s.
2
List the prime factors of (160/(-50)*8)/(4/(-4583 + 3)).
2, 229
Let a(u) = 281*u - 4712. List the prime factors of a(98).
2, 101, 113
Suppose 7*c - 2*c = 25. Let i be 503/(-4) - c/20. Let d = i - -186. What are the prime factors of d?
2, 3, 5
Let c(l) = -l**3 + 4*l**2 + 6*l + 2. Let x be c(4). Suppose 4*g - x = 6. Suppose -g*h + 4*h = -364. What are the prime factors of h?
7, 13
Suppose -5835 = 5*q - i + 2110, -3*q + 5*i = 4789. Let v = q - -2344. List the prime factors of v.
2, 3, 7
List the prime factors of (-17 + 16)*(-1 - 8516).
3, 17, 167
Suppose 4 = -129*h + 130*h. List the prime factors of (-9)/((-162)/h) + (-37282)/(-63).
2, 37
Let j be 2 + ((-110)/(-5))/2. Let h = 18 - j. Suppose 0 = 4*z + 4, 6*k - 83 = 3*k + h*z. What are the prime factors of k?
2, 13
Suppose 0 = 2*y + 5*h - 25, 3*h - 14 = 1. Suppose y = 29*n - 57670 + 12198. What are the prime factors of n?
2, 7
Let z be (32/8 - -5)*63. Let s = 674 - z. What are the prime factors of s?
107
Suppose -10*t + 21466 + 113274 = 0. What are the prime factors of t?
2, 6737
Let t(h) = 46*h**2 + 38*h + 14. List the prime factors of t(-14).
2, 7, 607
Suppose -61*j + 4*j + 313200 = -150267. List the prime factors of j.
47, 173
Let h(n) = n**3 + 8*n**2 - 6*n - 48. Let y be h(-8). Suppose -4*g + 1004 - 356 = y. What are the prime factors of g?
2, 3
Let j(d) = 10*d**2 + 70*d - 67. List the prime factors of j(29).
11, 23, 41
Let b(j) = 3*j - 4. Let o be b(-3). Let k = 18838 - 18577. Let w = o + k. What are the prime factors of w?
2, 31
Let v(y) = 51*y + 44. Let n = 217 - 214. What are the prime factors of v(n)?
197
Let m = -55208 + 116825. List the prime factors of m.
3, 19, 23, 47
Let g(x) = 2*x**2 - 15*x + 656. List the prime factors of g(-86).
2, 8369
What are the prime factors of (-426640)/(-68) + 0 + -3 + 98/34?
2, 3137
Suppose -46*o - 186854 = -1089374. What are the prime factors of o?
2, 3, 5, 109
Suppose 1772124 = 252*k - 75*k. List the prime factors of k.
2, 2503
Suppose 15*w + 248 = -22. List the prime factors of (24/w)/((-8)/5412).
2, 11, 41
Suppose -10 = -5*k, u - k - 1852 = -3*k. Suppose u = -14*l + 25*l. What are the prime factors of l?
2, 3, 7
Let h(j) = -j**2 + 4*j + 4. Let t be h(-2). What are the prime factors of -4 - (-7 + t + -998)?
1009
Let h(o) = 7*o**3 + 43*o**2 - 5*o + 310. What are the prime factors of h(15)?
5, 19, 353
Let t be (-32)/(-10) - (-1)/(-5). Suppose 0 = -4*r + t*b + 2117, -r + 273 = -b - 257. List the prime factors of r.
17, 31
Let r(b) = 7*b**2 - 2*b - 541. List the prime factors of r(41).
2, 7, 199
Let o(a) = a**2 + 32*a + 132. Let m be o(-25). List the prime factors of (2/4)/(m/(-110940)).
2, 3, 5, 43
Suppose -2857*w = -2933*w + 700108 + 770188. What are the prime factors of w?
2, 17, 569
Suppose -3*n = -290 - 238. Let v = n - 20. Let w = -61 + v. What are the prime factors of w?
5, 19
Let m = 1533 + -2684. Let q = m + 2404. What are the prime factors of q?
7, 179
Let h(f) = f**2 - 35*f + 9171. What are the prime factors of h(0)?
3, 1019
Let m(s) = -134*s - 1395. What are the prime factors of m(-50)?
5, 1061
Let y(b) be the second derivative of -2*b**5/5 + b**3/6 + b**2/2 - 12*b. Let g be y(-1). Suppose g*o + 79 = 9*o. What are the prime factors of o?
79
Let i(j) = 3*j**2 - 8*j - 14. Let c(l) be the third derivative of -l**5/60 + l**3/6 + 11*l**2. Let a(p) = -4*c(p) - i(p). List the prime factors of a(-8).
2, 5
Let c be (9*248)/((-18)/24). List the prime factors of c/40*45/(-6).
2, 3, 31
Suppose 2*f - 3*g = f + 82, 5*f - 428 = -3*g. Let d = 78 - f. List the prime factors of d - (-6501)/27 - (-4)/18.
2, 3, 13
Let u = 1299 + -1987. Let f = 1389 + u. List the prime factors of f.
701
Suppose 5*v + 5*q - 39880 = 0, 0 = -3*v - 2*q + 4611 + 19316. What are the prime factors of v?
5, 11, 29
Suppose 218 = y + 217. Let q(d) = 98*d + 2. What are the prime factors of q(y)?
2, 5
Let k(z) = z**3 - 15*z**2 + 43*z - 26. Suppose 4*s + 20 = 3*b - 4, 2*s = b - 6. What are the prime factors of k(b)?
2, 29
Suppose -3*f = -x - 10, 6*f - 2*f = 3*x + 15. Suppose -f*s = 5*g - 0*g - 1123, -5*s = 3*g - 1893. What are the prime factors of s?
3, 127
Let x = -1985 - -3045. Let v = x + 414. What are the prime factors of v?
2, 11, 67
Let i = 13 - 10. Suppose i*u = -0*u. Suppose -5*a + 4 + 136 = u. List the prime factors of a.
2, 7
Suppose -3*o - 2*h = -99440, o - 33170 = -719*h + 715*h. List the prime factors of o.
2, 73, 227
Suppose 2*q = 59*o - 61*o + 55192, 0 = q. What are the prime factors of o?
2, 6899
Let l(h) = -4*h + 63. Let p be l(15). Suppose -2*o + 2*u - 99 = -p, 4*o = -u - 172. What are the prime factors of 40*(0 + (-5)/(80/o))?
2, 5, 11
Suppose 1941264 = 129*a - 12*a. List the prime factors of a.
2, 17, 61
Suppose 0 = -759*l + 756*l - 3*j + 107916, 4*j + 71968 = 2*l. What are the prime factors of l?
2, 3, 1499
Let s = -10130 + 55768. What are the prime factors of s?
2, 19, 1201
Let m(j) = 399*j + 48. Let x(f) = 598*f + 72. Let u(p) = -7*m(p) + 5*x(p). List the prime factors of u(3).
3, 5, 41
Suppose -114 = -4*n + j, 19*n = 21*n + 5*j - 46. Suppose -z - 4*z - 10 = 0. Let w = n + z. List the prime factors of w.
2, 13
Suppose 22552 = 4*a + b, 5*a + 0*b + 5*b = 28190. What are the prime factors of a?
2, 2819
Suppose -6*q + 3*q + 5*i + 29 = 0, 4*q - 32 = 5*i. Suppose -v + 42 = -2*s, -5*v + q*s - 61 = -278. List the prime factors of v.
2, 11
Let q = -110 + 277. Let s = 95 - q. Let l = s - -78. What are the prime factors of l?
2, 3
Let m(f) = f**3 - 39*f**2 + f + 28. Let k be m(39). Suppose -6*d + 437 + k = 0. List the prime factors of d.
2, 3, 7
Let w(a) = -a**3 - 10*a**2 - 10*a - 297. What are the prime factors of w(-35)?
2, 3, 5113
Let g(l) be the third derivative of -l**6/30 - 3*l**5/20 - l**4/4 - l**3/3 + 91*l**2. List the prime factors of g(-3).
43
Let o = 37 + -30. Let y(a) = a**3 + 2*a**2 + 3*a - 2. Let j be y(o). Let m = j + -313. List the prime factors of m.
3, 7
Let t = -59572 + 100061. List the prime factors of t.
19, 2131
Suppose -79*n + 1025 = -82*n + f, 683 = -2*n + f. Suppose 4*v + 2503 = -5*g, 0 = 3*v - 0*v - 9. Let w = n - g. List the prime factors of w.
7, 23
Suppose -4*t = -5*q + 52266, -31382 = 18*q - 21*q + 8*t. List the prime factors of q.
2, 5, 11, 19
Let x(y) = -y**3 - 2*y + 6. Let u be x(2). Let t(s) = -s - 14. Let k(v) = -3*v - 29. Let l(w) = u*k(w) + 11*t(w). List the prime factors of l(12).
2, 13
Let u(c) = 5*c**2 - 12*c + 207. What are the prime factors of u(43)?
2, 1117
Let v = 251 - -44803. List the prime factors of v.
2, 3, 2503
Suppose -151430 = -9*i - 15*i + 14*i. What are the prime factors of i?
19, 797
Let h(z) = 6052*z + 103. What are the prime factors of h(2)?
3, 13, 313
Let s(f) = -f**2 - f + 200. Let c be s(0). Suppose 0*z + c = 5*z. What are the prime factors of z?
2, 5
Let w = 116 + -117. Let v = w + 23. What are the prime factors of v?
2, 11
What are the prime factors of (-4)/13 + (11705180/442 - 6)?
2, 6619
What are the prime factors of (-2)/4 + ((-95573625)/46)/(-35)?
2, 67, 443
Let h(l) = -927*l + 1212. What are the prime factors of h(-17)?
3, 5657
Let y(w) = -w**3 - 10*w**2 + w + 3480. What are 